e of 1 + (2 - -3) + -3?
3
What is the value of (1 - 9) + (12 - -1) + -10?
-5
What is the value of -4 + 4 - 3 - (-6 + 1)?
2
What is 1 + -1 + (2 - (-2 + 2))?
2
What is the value of -10 - -1 - (6 - (13 + -2))?
-4
4 - (1 + 4 + (-7 - -4))
2
What is the value of -3 + 1 - (-3 + 4 - 0)?
-3
Calculate 5 + (-12 - -5) + -2 + 1.
-3
Evaluate (-4 - (-1 - -4)) + 2.
-5
What is (1 - 4) + 0 + (8 - 5)?
0
What is (-6 - -10) + 0 + -13?
-9
Calculate -3 - (-14 + 2 + 5).
4
What is the value of -3 + -3 - (-4 - (-1 - -1))?
-2
What is 0 - (6 - (3 + (-2 - 1)))?
-6
What is 1 - (-3 - -4 - 4)?
4
2 - (32 + -31 - (5 + -1))
5
(0 - (-1 - -3)) + (1 - 3)
-4
What is the value of -6 - ((10 - 14) + 3)?
-5
Calculate 13 + (-4 - -2) - 14.
-3
(3 - (2 + 4)) + 10
7
Calculate (3 - -1) + 2 - (1 + 6).
-1
26 + -24 + (-1 - 1)
0
What is the value of -7 + (-4 - (3 + -12)) + -2?
-4
Calculate -4 + (-5 - ((2 - 7) + -6)).
2
What is the value of 2 + -4 + (0 - 2) - -2?
-2
What is the value of 0 - -4 - (-5 - -2 - -5)?
2
What is the value of (-2 - 7) + (-8 - -10)?
-7
What is 3 + (-1 - (-2 - -4))?
0
Calculate (2 + (-7 - 2) - -2) + 1.
-4
What is 4 + -3 + (-1 + 3 - 0)?
3
Calculate (3 - 1) + 6 + (0 - 11).
-3
What is -15 + -2 - (-9 + -6)?
-2
Evaluate -5 + 6 - 3 - (-3 - 1).
2
3 + -1 - (-32 + 28) - 6
0
-4 + (16 - (0 + 6)) + -2
4
-115 - -123 - (2 + 1)
5
What is 32 + -30 - (1 + -1)?
2
Evaluate 3 + 0 - (-2 - -6 - 2).
1
-2 - (-2 + 5 - 1)
-4
Evaluate (6 - (-1 + -1)) + -4 - -4.
8
What is -1 + (3 - 5 - -6) - 3?
0
What is the value of -28 - -30 - (1 + -6 + 3)?
4
What is the value of -5 - (14 + -4 + -4 - 3)?
-8
Evaluate 3 - (-1 + 9 + (-3 - -1)).
-3
What is the value of 2 + -1 - (4 + -1) - -3?
1
What is the value of 7 + -21 + (15 - 3 - 5)?
-7
What is 2 - 1 - (5 - -1)?
-5
What is (-1 - -13) + (-1 + 3 - 7)?
7
What is -3 + 10 - (17 - 8)?
-2
What is the value of -1 + (8 - (14 + -5))?
-2
Calculate -8 - (-1 + 12 - 24).
5
Evaluate -7 + 1 - (20 + -21).
-5
What is the value of -19 + 13 - (0 - 4)?
-2
3 + 2 + (2 - 12)
-5
3 - (2 + 6 + -3 + 4)
-6
What is (-6 - -3) + -1 + (-3 - -2)?
-5
What is the value of (21 - 26) + (13 - 0)?
8
2 + 0 + 6 - 6
2
What is the value of 1 + -3 + 3 + -8 + -1?
-8
Calculate -2 - -2 - (1 + -6).
5
Evaluate -4 + 2 + 1 + -2.
-3
What is the value of 2 - (4 + -3 + 2) - 3?
-4
Calculate 8 - (2 - (-2 + -3)).
1
Evaluate 8 + -1 + -9 - 4.
-6
Evaluate (-8 - -1) + -12 + 8 + 10.
-1
What is 0 - (1 + -1) - (281 - 276)?
-5
Evaluate -1 + (-2 - -3) + -2 + 3.
1
Evaluate 10 - 1 - (4 + 1 - 0).
4
Calculate -8 + (-3 - -16) + -3.
2
Calculate 1 - 6 - (1 + -6) - 6.
-6
Evaluate 2 + (-9 - -13) + -11.
-5
What is (-2 - -1 - -2) + -1 + 3?
3
Evaluate (-7 - (2 + -4 + -1)) + 1.
-3
Evaluate (-1 - 4 - (-33 - -30)) + 5.
3
1 + 2 + 0 + -5
-2
(7 - 0) + (-8 - -13 - 5)
7
Calculate 3 - (-8 + 10 + (-1 - -5)).
-3
Calculate (3 - -7) + -3 - (3 + 1).
3
What is (0 - (-2 + 4)) + 1?
-1
What is 9 - (4 + 13 - 3)?
-5
3 - (-2 + -6 + 9) - -1
3
Evaluate -1 - (-2 + 3 + -5).
3
What is (0 - (1 - 1)) + -5 + 2?
-3
Evaluate -4 + 21 + -18 + -2 + -7.
-10
-5 + -9 - -1 - -10
-3
Calculate 2 - (-1 - (1 + (-13 - -6))).
-3
0 - -2 - 4 - (8 - 10)
0
4 + -5 + -5 + 3 - -9
6
Calculate -2 - (-9 - ((-4 - 1) + 4)).
6
Calculate -7 - (0 - (4 + -3 - -2)).
-4
What is -9 + 10 - (-4 + 2 + 0)?
3
Calculate -3 + 13 - (4 + 3).
3
-45 - -38 - (1 - 2 - -1)
-7
-2 + 2 + -7 - -4
-3
Evaluate 4 - ((1 - (0 - 3)) + -4).
4
Evaluate (3 - 3) + 6 - 1.
5
Evaluate 1 - (2 - 3 - (1 - 1)).
2
What is the value of -10 - (-1 - 2) - -2?
-5
Evaluate (0 - -3) + -2 + -6 + 8.
3
Evaluate 1 - ((4 - 3) + (3 - 8)).
5
What is (1 - 0) + -6 - (-13 + 10)?
-2
(1 - 4) + 3 + 0 + 1
1
Calculate 2 + (2 - -2) + -12.
-6
What is the value of -8 - (3 - (10 - 0))?
-1
What is (-8 - -8) + (-1 - -3)?
2
Calculate 3 + 2 + 1 + 3 + -10.
-1
Evaluate 1 + -1 + (7 - (-5 - -11)).
1
What is the value of -3 + 12 - 3 - (1 + 3)?
2
Evaluate -3 + -4 + 7 + (0 - 5).
-5
-5 - ((1 - 3) + 0) - -5
2
Evaluate -1 + (1 + -2 - (7 + -13)).
4
Calculate 0 - 5 - (11 + -15) - 0.
-1
Calculate -7 + 7 + -4 + 0.
-4
Evaluate 2 + -4 + 3 - -3.
4
What is 0 - (9 + -5) - 3?
-7
Evaluate -1 + (16 - 5) + -14.
-4
Calculate 3 + -3 - (1 + 2).
-3
0 + (-4 - 1) - -4
-1
9 - (-4 - ((-2 - -5) + -7))
9
Calculate 0 + -8 + 4 + 7.
3
What is the value of -7 + 16 - -2 - (0 + 4)?
7
What is 4 - 14 - (-6 - 8)?
4
Evaluate (-3 - -7) + (1 - -4 - 1).
8
-5 + 2 + 4 + -1 - 3
-3
What is (-1 - (-2 + -2)) + -6?
-3
15 + -2 - 3 - 16
-6
Evaluate -3 - (-12 + 6 - 0).
3
Calculate -4 + -1 + -4 + (18 - 14).
-5
What is (12 - 11) + (1 - 0) + 0?
2
Calculate -5 - (-17 - -5 - -1).
6
What is the value of 2 + (-1 - 6 - 3) + 3?
-5
Evaluate -5 - -8 - 5 - 1.
-3
Calculate -4 - (-1 - (-5 + 3)) - 0.
-5
Calculate (-8 - -8) + (2 - 2).
0
2 + -4 - (0 + -1 - -4)
-5
-3 - (-9 + 12 + -1 + 0)
-5
Evaluate (-2 - -8 - 6) + 1.
1
Calculate (3 - 1) + (4 - (-2 - -6)).
2
Evaluate -1 + -3 - 1 - (-11 + 9).
-3
What is -2 + -3 + 2 + -1?
-4
What is the value of -5 - (-4 - (-5 + -2 + 3))?
-5
What is the value of 1 + 1 + -5 - (-1 + 3)?
-5
What is (2 + 4 - 5) + -1 + 5?
5
Calculate (7 - 0) + 18 + -24.
1
What is the value of -6 + (4 - (-12 - -5))?
5
Calculate 4 + 5 + (4 - -3 - 6).
10
What is the value of -4 - ((2 - 6) + 5)?
-5
What is -22 + 28 - (2 + -1) - 5?
0
What is -16 - -19 - (-3 + 1)?
5
7 + (-2 - -1) + -13
-7
What is 1 + (3 - 8) + 4?
0
Calculate 23 + -11 + -7 + -1 + -2.
2
What is the value of -4 - (-5 - -2) - -1?
0
Calculate -7 + 2 + (16 - 11) + 0.
0
What is 2 + (1 - 2) + -4 - -6?
3
Calculate -6 - (1 + 0 + -44 + 40).
-3
What is 13 + (-27 - -8) + 12?
6
What is 4 + (-2 - -1) + 1 + -8?
-4
Evaluate 8 - 0 - (10 - (-5 + 9)).
2
Calculate -9 - -12 - 6 - (-1 - -1).
-3
What is the value of (0 + 0 - (-9 - -6)) + -8?
-5
Evaluate 5 - -1 - (-1 - -5).
2
Calculate 2 - (7 - (5 + -5 - -2)).
-3
2 - 7 - -8 - (-3 - -1)
5
-2 + 0 + 2 + -5
-5
Calculate (-6 - (4 - (1 + 19))) + -1.
9
Evaluate 7 - (1 + 0 - -2).
4
What is (-6 - -6) + -6 - 0?
-6
Evaluate 1 - -8 - (-61 + 68).
2
Evaluate (0 + 1 - -2) + 5 - 5.
3
Calculate -3 + 2 - (4 + (-12 - -3)).
4
What is the value of -1 - (5 + 3 + -7)?
-2
What is (142 - 162) + (-1 - -11)?
-10
Evaluate -7 + (9 + -3 + -17 - -7).
-11
1 - (4 + -1) - (-4 + 0)
2
(-4 - -3) + (-5 - -5)
-1
What is the value of -1 + (4 - (-8 + 7))?
4
7 - (5 - (2 + 0 + 3))
7
What is 2 - (-4 - 1 - -10)?
-3
What is 11 + -6 - (-2 + (-6 - -12))?
1
(1 + -1 - (-2 - -4)) + 3
1
Evaluate -8 - (-16 - -7) - 7.
-6
Evaluate 5 - (1 + (-1 - 1) + 0).
6
Evaluate 4 - (3 + -3 + 3).
1
What is the value of 6 + (4 + -6 - 3) - -3?
4
Evaluate -5 + 0 + 6 - -1.
2
Evaluate -13 + (-12 - -23) - (6 - 0).
-8
Calculate 0 + (-3 - (-8 - -3)).
2
6 + -5 - (4 - -2)
-5
Evaluate 0 - 8 - (-5 + -8 + -1).
6
What is 4 + (-1 - 7) + (1 - -2)?
-1
0 + (0 - 3) + 2
-1
What is -7 + 21 + -4 + -7?
3
Calculate (-2 + 2 - (-10 + 2)) + 0.
8
What is the value of (2 + (-2 - -4) - 1) + -3?
0
Evaluate (-4 - -2) + 3 + -11 - -8.
-2
Calculate -9 + 10 + -1 + 1.
1
Calculate (-2 - -2) + 5 - -3.
8
3 + 2 + 4 + (2 - 5)
6
Evaluate 10 - (2 + 4) - 2.
2
What is 1 + -3 + 17 + -30 + 23?
8
Calculate (-1 - -7) + -10 + 8.
4
-10 + (14 + -7 - 2)
-5
What is the value of 3 + (3 - 3) - (-1 - 0)?
4
Calculate 1 - 2 - (4 - 3).
-2
What is 9 + -11 + 5 - (5 - -1)?
-3
What is -55 + 60 - (-1 - -4)?
2
Calculate -29 + 25 + 2 + -2 + 4.
0
What is the value of (4 - (-1 - 1)) + 10 + -10?
6
1 + -6 + (8 - 7) - -6
2
Evaluate 22 - 33 - (-3 + 1).
-9
Evaluate 7 - (-19 + 12 + 8).
6
What is 4 - (13 + -28 + 30)?
-11
Calculate -3 - (-1 + 0 + -1 + -1).
0
What is the value of 8 - (11 + 1 + -6)?
2
Evaluate 5 - 0 - (15 + -3).
-7
Evaluate 45 + -35 - (0 + 4).
6
3 + -8 + 13 + -16
-8
Calculate (0 - -5) + -5 + -2 + 8.
6
What is the value of -7 - (-4 + 6 + 0 + -4)?
-5
Evaluate 3 - ((2 - 5) + 6).
0
Calculate -6 - (4 + (-6 - 0)).
-4
What is 0 + -2 - (0 - -1 - 6)?
3
What is the value of (-5 - -1) + (-12 - -13) + 0?
-3
What is (9 - (1 + 8)) + (4 - 1)?
3
Calculate -6 - -4 - (7 + -2 + -8).
1
What is 9 - (2 - -3 - 1)?
5
-2 - (5 + (4 - 8))
-3
Evaluate (-7 + 4 - (0 - -1)) + -1.
-5
-3 + (4 - (4 + -5) - 0)
2
What is the value of (-4 - -7) + 3 + -4 + -4?
-2
What is the value of -2 + 3 + -7 + 5?
-1
Calculate -2 - (-7 - (-2 - 0)) - 4.
-1
Evaluate -11 + 15 + 2 - 14.
-8
Calculate -8 + (13 - -2) + -8.
-1
What is the value of (0 - 7) + (3 - 7) + 8?
-3
Evaluate -3 - (-7 - (-7 + (-3 - -13))).
7
-19 - -10 - (-